te the greatest common divisor of 414 and 368.
46
Calculate the highest common factor of 136 and 1462.
34
What is the highest common divisor of 216 and 4296?
24
Calculate the greatest common divisor of 721 and 63.
7
What is the highest common divisor of 13 and 77?
1
Calculate the highest common factor of 80 and 58320.
80
Calculate the greatest common divisor of 3528 and 42.
42
What is the greatest common factor of 48 and 834?
6
What is the greatest common factor of 16 and 2008?
8
Calculate the highest common factor of 6264 and 1624.
232
What is the highest common factor of 194 and 7857?
97
Calculate the greatest common divisor of 1909 and 83.
83
Calculate the highest common factor of 117 and 26.
13
Calculate the greatest common divisor of 32 and 736.
32
What is the greatest common factor of 52 and 3276?
52
What is the greatest common divisor of 324 and 10?
2
What is the highest common divisor of 88 and 1408?
88
What is the greatest common divisor of 23 and 299?
23
What is the highest common divisor of 2 and 1486?
2
What is the greatest common factor of 2 and 202?
2
What is the greatest common factor of 16 and 4976?
16
What is the highest common divisor of 64 and 6320?
16
What is the highest common factor of 8272 and 1408?
176
What is the highest common divisor of 341 and 62?
31
What is the greatest common factor of 222 and 6?
6
What is the greatest common factor of 2159 and 1270?
127
Calculate the greatest common factor of 14 and 616.
14
Calculate the greatest common factor of 1651 and 689.
13
What is the highest common divisor of 22 and 1397?
11
What is the highest common divisor of 90 and 4170?
30
What is the greatest common factor of 410 and 1558?
82
Calculate the greatest common divisor of 32 and 992.
32
What is the greatest common factor of 20 and 125?
5
Calculate the highest common factor of 180 and 1710.
90
What is the highest common divisor of 90 and 2895?
15
What is the greatest common divisor of 175 and 150?
25
What is the highest common factor of 494 and 169?
13
Calculate the greatest common factor of 168 and 696.
24
Calculate the greatest common factor of 16 and 88.
8
What is the greatest common divisor of 2540 and 220?
20
What is the greatest common factor of 43 and 688?
43
Calculate the greatest common divisor of 34 and 595.
17
Calculate the highest common divisor of 45 and 27.
9
What is the highest common divisor of 21 and 1113?
21
What is the greatest common factor of 580 and 260?
20
What is the highest common divisor of 52 and 44?
4
What is the highest common divisor of 616 and 154?
154
What is the greatest common divisor of 22 and 5?
1
Calculate the highest common factor of 2825 and 25.
25
What is the greatest common factor of 128 and 6592?
64
What is the greatest common factor of 32 and 176?
16
What is the greatest common divisor of 800 and 96?
32
Calculate the greatest common factor of 84 and 10164.
84
Calculate the highest common divisor of 22 and 11.
11
What is the highest common divisor of 50 and 100?
50
Calculate the greatest common divisor of 1209 and 837.
93
What is the greatest common divisor of 426 and 234?
6
Calculate the greatest common factor of 68 and 25262.
34
What is the greatest common divisor of 49 and 441?
49
Calculate the highest common divisor of 6292 and 39.
13
What is the highest common divisor of 35 and 217?
7
Calculate the greatest common divisor of 464 and 87.
29
Calculate the highest common factor of 14 and 7.
7
Calculate the highest common divisor of 284 and 71.
71
Calculate the greatest common factor of 520 and 1080.
40
Calculate the highest common divisor of 228 and 12.
12
Calculate the highest common factor of 7471 and 62.
31
What is the highest common divisor of 75 and 10?
5
What is the greatest common divisor of 915 and 15?
15
Calculate the greatest common factor of 12773 and 723.
241
Calculate the greatest common divisor of 672 and 420.
84
Calculate the greatest common factor of 74 and 592.
74
What is the highest common divisor of 45 and 261?
9
Calculate the greatest common divisor of 49 and 637.
49
Calculate the highest common divisor of 19 and 38.
19
What is the highest common factor of 146 and 7957?
73
Calculate the greatest common divisor of 648 and 1512.
216
Calculate the highest common factor of 136 and 272.
136
Calculate the greatest common divisor of 5920 and 90.
10
Calculate the greatest common divisor of 18 and 684.
18
What is the greatest common divisor of 403 and 62?
31
What is the highest common factor of 6156 and 76?
76
What is the greatest common factor of 2718 and 12?
6
What is the highest common divisor of 844 and 16?
4
What is the greatest common divisor of 528 and 28688?
176
What is the greatest common divisor of 2231 and 46?
23
Calculate the highest common factor of 212 and 159.
53
Calculate the greatest common factor of 18 and 120.
6
What is the highest common factor of 14 and 378?
14
Calculate the highest common factor of 4658 and 34.
34
What is the highest common factor of 891 and 2349?
81
Calculate the highest common factor of 660 and 132.
132
What is the highest common divisor of 1323 and 4704?
147
What is the greatest common factor of 2328 and 1358?
194
What is the highest common factor of 1216 and 448?
64
Calculate the greatest common factor of 1971 and 27.
27
What is the highest common divisor of 22 and 473?
11
Calculate the greatest common factor of 408 and 24.
24
What is the highest common divisor of 51 and 147?
3
What is the greatest common divisor of 92 and 4094?
46
What is the highest common divisor of 21 and 91?
7
What is the greatest common factor of 74 and 296?
74
Calculate the greatest common divisor of 228 and 4161.
57
What is the greatest common factor of 1030 and 10?
10
Calculate the highest common divisor of 70 and 10.
10
What is the highest common divisor of 56 and 152?
8
Calculate the highest common divisor of 1548 and 2.
2
Calculate the greatest common factor of 44 and 2420.
44
What is the greatest common factor of 70 and 434?
14
Calculate the highest common divisor of 54 and 90.
18
What is the greatest common divisor of 186 and 434?
62
Calculate the greatest common divisor of 4117 and 179.
179
What is the highest common divisor of 3775 and 225?
25
Calculate the highest common factor of 102 and 12.
6
Calculate the highest common factor of 783 and 4524.
87
What is the greatest common divisor of 103 and 7?
1
Calculate the greatest common factor of 2 and 278.
2
What is the greatest common divisor of 156 and 91?
13
What is the greatest common factor of 464 and 145?
29
What is the highest common factor of 7 and 7?
7
What is the highest common divisor of 6 and 39?
3
Calculate the greatest common divisor of 2940 and 120.
60
Calculate the greatest common divisor of 93 and 31.
31
Calculate the greatest common divisor of 70 and 280.
70
What is the greatest common factor of 81 and 762?
3
Calculate the greatest common factor of 34 and 3842.
34
What is the greatest common divisor of 24 and 9372?
12
Calculate the greatest common factor of 44 and 444.
4
What is the greatest common factor of 32686 and 118?
118
Calculate the greatest common factor of 62 and 93.
31
Calculate the highest common divisor of 418 and 374.
22
Calculate the greatest common divisor of 51 and 17.
17
Calculate the highest common divisor of 418 and 38.
38
Calculate the greatest common divisor of 194 and 11834.
194
Calculate the highest common factor of 9475 and 25.
25
Calculate the greatest common factor of 26 and 6656.
26
What is the greatest common factor of 860 and 260?
20
Calculate the highest common divisor of 40 and 104.
8
Calculate the greatest common divisor of 13448 and 8.
8
What is the highest common factor of 72 and 45?
9
Calculate the highest common factor of 10744 and 136.
136
Calculate the greatest common divisor of 162 and 18.
18
Calculate the highest common divisor of 220 and 1628.
44
What is the highest common factor of 6048 and 84?
84
What is the highest common factor of 468 and 52?
52
Calculate the highest common factor of 894 and 30.
6
Calculate the greatest common factor of 966 and 210.
42
What is the greatest common factor of 826 and 1534?
118
Calculate the greatest common factor of 17 and 1751.
17
Calculate the highest common divisor of 117 and 9243.
117
Calculate th